hat is the greatest common divisor of l and 24?
4
Let h be (3*6/1)/2. Let q be (28/6)/(6/h). Calculate the highest common divisor of 7 and q.
7
Let b(o) = 4*o - 1. Let k be b(9). Suppose -k - 390 = -5*g. Calculate the greatest common factor of 17 and g.
17
Suppose 28 = 4*i - 0*i. Let p(a) = -a**3 + 4*a**2 - a + 5. Let v be p(4). What is the greatest common factor of v and i?
1
Let g be (5 - 4/2) + 60/5. Calculate the highest common factor of 3 and g.
3
Let d = -74 + 80. Calculate the highest common divisor of 2 and d.
2
Let d = -30 - -41. What is the greatest common factor of 1 and d?
1
Suppose -3*t - 4 = -2*t. Let h be ((-43)/(-4))/(t/(-16)). Let y be h*1 - (-2 - 0). What is the greatest common factor of y and 18?
9
Suppose -4*g - 272 = -3*t, 3*g + g - 256 = -3*t. Let a(v) = 7*v**2 - 3*v + 4. Let b be a(1). Calculate the greatest common factor of b and t.
8
Let s(q) = -q**3 + 5*q**2 + 4*q - 2. Let n be s(5). Let g be (-192)/(-2)*6/4. What is the highest common divisor of g and n?
18
Suppose -60 = -2*k + 6. Let s = -21 + k. What is the highest common divisor of s and 24?
12
Suppose 3*j + 94 = -y + 5*y, -18 = j - 4*y. Let k = -17 - j. What is the highest common factor of k and 14?
7
Let b(x) = -10*x + 6. Let f(r) = -5*r + 3. Let d(p) = -6*b(p) + 11*f(p). Let n be d(3). What is the highest common factor of n and 6?
6
Let c = 4 + 19. Suppose -4*l = -c - 121. What is the highest common factor of 6 and l?
6
Suppose t - 79 = 5*p, 0 = 12*p - 16*p + 16. Calculate the greatest common factor of 22 and t.
11
Let i(f) = -3*f**2 - 5*f + 7. Let u be i(-7). Let a be (-16)/(-6)*u/(-10). Calculate the greatest common factor of a and 14.
14
Let n be (17/(-2))/(2/(-20)). Suppose n = k - 136. Suppose 1 = 3*v + 5*w - 205, 3*v + 2*w = k. What is the highest common factor of v and 7?
7
Suppose s - 25 = 4*v, 0 = 2*v + 3*v + 25. Suppose -5*t + 2*q = -85, -5*t + 4*q + 18 = -77. Calculate the highest common factor of t and s.
5
Let t = -33 + 83. Let u be 103/2 + 1/2. Suppose -i = 3*k - u, -5*k = 5*i - 50 - t. Calculate the highest common factor of 128 and k.
16
Suppose -48 = 4*g - 4*t, 2*g + 15 = 2*t - 3*t. Let i(f) = f**3 + 8*f**2 - 11*f + 2. Let r be i(g). Calculate the highest common factor of 8 and r.
4
Suppose 2*g - 4 = -2*g. Let h be (6/12)/(g/6). Suppose p + 3 = 4*p. Calculate the greatest common factor of p and h.
1
Let w(v) = 4*v**2 + 3*v - 3. Let d be w(2). Let a(q) = q**3 - 6*q**2 + 6*q + 4. Let g be a(7). What is the greatest common divisor of g and d?
19
Let n = -58 + 69. Calculate the greatest common factor of 33 and n.
11
Let j(g) = 2*g**2 - 9*g + 4. Let l be j(7). What is the highest common factor of l and 13?
13
Let h = 12 - 3. Calculate the greatest common divisor of 9 and h.
9
Let o be (1 - (-1 - -2)) + -25. Let j = 35 + o. Suppose 5 - 9 = -m. Calculate the greatest common divisor of j and m.
2
Let w be (10/(-6))/((-1)/171). Suppose 5*q + l = 236, 4*q - 2*l + 85 - w = 0. What is the greatest common factor of 6 and q?
6
Let w = 3 + -6. Let u be w/(-7) - 54/(-21). Suppose 4*j + a = u*a + 20, 5*j = 5*a + 35. What is the greatest common factor of j and 3?
3
Let i be (-6)/27 + (-74)/(-9). Suppose 0 = v + 5*z - i, 2*v - 23 = 2*z + 17. Suppose r - v = -2*r. Calculate the greatest common divisor of r and 3.
3
Suppose 3*t + 8*t = 1540. What is the highest common divisor of 20 and t?
20
Let b(o) = -o - 1. Let p be b(-3). Suppose 0*w + p*w = 0. Suppose w = -0*r - r + 15. Calculate the highest common divisor of 10 and r.
5
Let d(i) = i**3 - 5*i**2 - 6*i + 8. Let q be d(6). Let r be 26/3 - q/12. Suppose 5*h + 10 = 130. Calculate the greatest common divisor of r and h.
8
Suppose -7*m + 2*m + 35 = 5*t, -4*m + 2*t + 4 = 0. Suppose 0 = 5*p - m*c - 486, c = 3*p - 4*c - 282. What is the highest common divisor of 9 and p?
9
Let r be (-2)/11 + (408/(-11))/(-6). Let n(z) = 34*z - 2. Let l = -1 - -3. Let o be n(l). Calculate the highest common factor of r and o.
6
Suppose 4*f = f + 3*t + 18, -f + 2*t = -3. Calculate the highest common divisor of f and 9.
9
Let o = -2 - -5. Suppose 0 = o*f - 4*z - 19, 3*f + z + 0 = -1. Let r(b) = 3*b**2 + 4*b + 2. Let j be r(-1). What is the highest common factor of f and j?
1
Let i(d) = -d**3 + 6*d**2 + 4*d + 1. Let f be i(6). Suppose 9*j - 275 = 8*j. What is the greatest common factor of f and j?
25
Suppose -11 = -5*x - 46. Let f = x + 10. What is the highest common factor of 2 and f?
1
Suppose 2*u - 44 = -0*u. Let o = -9 - -11. Let f be (-3 - o) + 3 - -35. What is the greatest common factor of u and f?
11
Let f = 40 - -5. Calculate the greatest common divisor of f and 9.
9
Let l = -51 + 159. Let g = 0 + 0. Suppose g = -4*y + 3*w + 54 - 6, -4*w + 36 = 3*y. What is the highest common factor of l and y?
12
Suppose -4 - 4 = -2*x. Suppose -x*n + 12 = d, -d + 3*n = 4*n - 12. What is the highest common divisor of d and 120?
12
Let c = 10 - 42. Let b = 47 + c. Suppose -5*z + 2*z - 3*n = -b, -2*z + 6 = -2*n. What is the highest common factor of z and 44?
4
Let d = 71 + -50. Calculate the greatest common factor of d and 84.
21
Let l(h) be the second derivative of h**3/3 - 3*h**2 + 3*h. Let k be l(8). Calculate the greatest common factor of 40 and k.
10
Let s = 0 + 3. Suppose -2*t = u - s*u + 44, -2*u + t + 48 = 0. Let x(p) = 2*p**2 + p - 6. Let h be x(-5). What is the highest common factor of h and u?
13
Let p be (-7)/(1/((-6)/1)). Let x(d) = d**3 - 7*d**2 - 7*d - 7. Let b be x(8). Let l be (3 - -32*b)*3. What is the highest common divisor of p and l?
21
Let o = 15 + 66. Suppose -4 = n, 0*y + 2*y - n = 22. Calculate the highest common divisor of o and y.
9
Let f(s) = -1621*s - 1. Let p be f(-1). Let g = p - 1011. Suppose 5*z = g + 151. What is the greatest common factor of 19 and z?
19
Let m be 27/(-9) + 145 + -1. Suppose 5*a - 421 + m = 0. What is the greatest common factor of 7 and a?
7
Let f(b) = 392*b**3. Let d be f(1). Suppose 3*i = -4*w + 398, -i - d = -4*i - w. Calculate the greatest common divisor of 52 and i.
26
Let z(w) = w + 36. Let x be z(0). Let o = -8 - -20. What is the greatest common factor of x and o?
12
Let q(b) = b**3 + b**2 - 7*b - 6. Let u be q(-4). Let p = 44 + u. Let f = 45 - p. Calculate the highest common factor of 18 and f.
9
Let l = 10 + -6. Suppose -2*o = -5*f + 3*o + 320, 4*f + l*o - 272 = 0. Suppose 5*d - 24 = 6. What is the greatest common factor of d and f?
6
Suppose 23*h = -116 + 530. Calculate the greatest common factor of h and 30.
6
Let y(n) = -n**2 + 5*n - 3. Let h be y(2). Let x be -1*h - (-1 - 18). What is the greatest common divisor of x and 2?
2
Suppose -4*h - 2*g - 158 - 60 = 0, -3*g = 3*h + 156. Let x = -3 - h. Calculate the highest common divisor of x and 18.
18
Suppose 2*j + 33 = 3. Let w be (4/5)/((-6)/j). Suppose m - y - 3 = 0, 0 = 4*m + y + 2*y - 5. What is the highest common factor of w and m?
2
Let m(t) = -t**3 - 3*t**2 + 3*t - 4. Let u be m(-4). Suppose 2*g = -u*g + 32. What is the highest common factor of 24 and g?
8
Let j be (26/6)/(9/27). Let n(x) = 3 - x**2 - 4*x + 25*x**2 + 0*x. Let v be n(2). What is the greatest common factor of v and j?
13
Let d be 4/12*-8*-33*1. Suppose g = -3*g + 44. Calculate the greatest common factor of d and g.
11
Suppose -55 - 10 = -5*s. What is the highest common divisor of 13 and s?
13
Suppose 11*u - 836 = 66. What is the highest common factor of u and 41?
41
Let r = -11 + 15. Suppose 4*x + r = -32. Let d be (1 - x/(-2))*-2. Calculate the highest common factor of d and 35.
7
Suppose 7*c - 3 = 6*c. Let h(k) = -4*k. Let m(y) = -2*y. Let w(g) = 2*h(g) - 5*m(g). Let x be w(c). What is the greatest common factor of 9 and x?
3
Suppose 1 = -y + 36. What is the greatest common divisor of y and 10?
5
Suppose -4*c + 60 = -2*c. What is the highest common factor of 20 and c?
10
Let t be (-4)/8 + (-57)/(-6). What is the greatest common divisor of t and 27?
9
Let g = 26 - 18. Calculate the highest common factor of 40 and g.
8
Let b = 1 + -3. Let p(u) = -4*u**3. Let g be p(b). Suppose -g = -2*i - 2. Calculate the highest common factor of 10 and i.
5
Suppose -4*y = -j + 9, 0 = 6*j - j + 2*y - 133. What is the greatest common divisor of j and 200?
25
Suppose -2*l = -2 - 0. Let c(f) = -f**3 - 15*f**2 + 15*f - 15. Let r be c(-16). Calculate the greatest common divisor of r and l